e?
True
Suppose -1125 = -5*c - 0*w - w, 25 = -5*w. Let f = c + -108. Is f prime?
False
Suppose -2*v + 4*j - j = -11, 2*v - j = 9. Suppose 0 = 2*c - 102 - v. Is c a composite number?
False
Suppose 2*t = -2*t + 2516. Suppose -3*p + 592 + t = 5*l, 996 = 4*l - 4*p. Suppose -3*w - 4*s = -643, w - 4*s - s = l. Is w a prime number?
False
Let b = 14 - 12. Suppose -60 = b*o - 238. Is o prime?
True
Suppose -78 = r - 525. Is r a prime number?
False
Let j(h) = -6*h + 23. Let m(n) = -3*n + 11. Let q(a) = 3*j(a) - 5*m(a). Let p be q(16). Let r = -19 - p. Is r a prime number?
False
Suppose 0 = -3*u - 23 - 97. Is (-2861)/(-7) + u/(-140) a prime number?
True
Suppose 4*z = 9*z - 15. Suppose -z*s + 155 = 2*s. Is s prime?
True
Let m be ((-8)/24)/(2/(-54)). Let b(h) = 12*h**2 - 6. Let k be b(m). Is k/10 - 2/(-5) composite?
False
Let f = -16 + 23. Suppose 4*r + 57 = f*r. Is r a composite number?
False
Let n(c) = 136*c**2 - 9*c + 8. Is n(3) prime?
False
Suppose 0 = 90*n - 95*n + 20. Suppose -n*l = 4*i - 14652, -4*l = -5 - 11. Is i composite?
False
Let u(t) = 37*t**2 + 2*t - 1. Let m be u(3). Suppose 423 = -19*b + 22*b. Let s = m + b. Is s prime?
True
Let z(c) = 7*c + 154. Let g(k) = 3*k + 77. Let i be 5*(-1 + (-6)/(-10)). Let b(u) = i*z(u) + 5*g(u). Is b(0) a prime number?
False
Suppose -7*l - 2377 = -19590. Is l a prime number?
True
Suppose 886 = d - 3*l, d + 6*l = 3*l + 916. Is d prime?
False
Suppose 8*t - 1804 = 252. Is t a composite number?
False
Let q = -5584 + 12587. Is q composite?
True
Let z(w) be the third derivative of w**6/120 - w**5/20 - 5*w**4/24 + 2*w**3/3 - 12*w**2. Let x be z(4). Suppose x*l - 1099 = -l. Is l composite?
True
Let i be (3/(-3))/(3/(-6)). Is (18 - -14) + 0 + i a prime number?
False
Is 261 - -9 - 9 - 2*2 composite?
False
Suppose -2029 + 19015 = 6*l. Is l composite?
True
Suppose -6216 = -7*j + 10402. Is j a composite number?
True
Is -3*(0 + (-2)/6)*48883 a prime number?
True
Is 21/(-231) - (-649664)/44 composite?
True
Let h = -9630 - -13951. Is h a composite number?
True
Is (14973 - 4*4/(-8)) + -6 composite?
False
Let l = -13071 - -20268. Is l a prime number?
False
Let d(s) = -433*s. Let v be d(-3). Suppose 0 = -4*x + 617 + v. Is x prime?
True
Let n(t) = 119*t**3 - 4*t**2 - t + 9. Is n(2) prime?
False
Is (-4 + 5)*792 - (1 - 3) prime?
False
Let z = -16 - -26. Suppose -4*v = -3*h - 2*h + 29, -h + z = -5*v. Suppose -4*g = 5*f - 107, -h*f + 3*g + 104 = 6*g. Is f prime?
True
Suppose -5*d + 20 = 0, 5*d - 19 = -j + 2*d. Let h be (j + -3)/(-4) + 769. Suppose 0 = 4*k - h + 236. Is k a prime number?
False
Let n be (-2)/(-1) + 10 + 1. Suppose 0 = 3*f - 4*f - n. Let q(h) = -h**3 - 11*h**2 + h - 8. Is q(f) a prime number?
True
Let b = -170 - -1125. Is b prime?
False
Suppose -c - 4*v + 28735 = -6*v, -2*c + 5*v + 57467 = 0. Is c composite?
True
Suppose 0*p = -4*p + 24. Suppose -20 = -k - 23. Let o = p - k. Is o a prime number?
False
Let b(k) = -k**3 + k**2 + 2*k. Let d be b(2). Suppose d = -4*q + 2*q + 2, -4*a + 2*q = -14. Suppose -3*l = z - 285, 2*l - 190 = z - a*z. Is l a prime number?
False
Suppose v + 0 - 34 = 4*f, -5*f = v + 11. Suppose 5*z - 174 = 21. Suppose -o + z = -v. Is o composite?
False
Let a = 2564 + -1891. Is a a composite number?
False
Is 5847*(6 + (-51)/9) composite?
False
Let d(t) = 9 - 21*t - 39*t + 2*t**2 + 42*t + 2*t**2. Is d(16) a composite number?
True
Let v(m) = -3*m - 2. Let r be v(-2). Let g be ((-3)/2)/((-2)/r). Suppose -150 = -4*d + 2*s, -2*s + 3*s - 100 = -g*d. Is d a prime number?
False
Let x(v) = -3 + 58*v - 44*v + 73*v + 1. Is x(11) a prime number?
False
Suppose -3*h + j + 1 = 0, -j - 4*j + 25 = 0. Suppose -6*t + h*t = -76. Is t a composite number?
False
Suppose -9*v + 404 + 883 = 0. Is v prime?
False
Let m(i) = i**2 + 6*i + 2. Let v be m(-6). Suppose -2*w + 19 = v*x + w, w = 3. Suppose -x*f + 369 = 104. Is f prime?
True
Suppose -c = -2*b + 21, 2*c - 3*b + 39 = 2*b. Suppose 2*r - 4*k = -2*k + 176, 320 = 4*r + 4*k. Let s = r + c. Is s composite?
True
Suppose t + 4876 = 17752. Suppose 0 = -3*d + t - 5049. Is d a prime number?
True
Suppose -35 = 4*c - 879. Suppose 2*n - 1989 = -c. Is n prime?
False
Suppose -2*r - 278 = 4*c, r - c = -34 - 120. Is r/(-2 - (-4 + 3)) composite?
False
Suppose -4*s + h + 45 = -6*s, 0 = h + 5. Let o be ((-1345)/s)/(1/12). Suppose 3*t = o - 273. Is t prime?
False
Suppose 11 + 21 = 4*o. Suppose 2*u - o = 0, -2*u = -j - u + 66. Suppose -s + j = -421. Is s prime?
True
Let d be 8 - 6 - (2 - 2). Let h(z) = -21*z + 5 + 87*z - d. Is h(3) a composite number?
True
Is (-10 - -6 - -3)*-79179 prime?
False
Is ((-22)/2)/((-23)/4577) a prime number?
False
Suppose 8*i + k = 6*i + 6362, 0 = 5*k + 20. Is i a prime number?
False
Let t(l) = 2*l - 20. Let v be t(12). Suppose 4 = -v*r, 0 = -g + 5*g + 3*r - 3161. Is g a composite number?
True
Let z = 1479 - 619. Suppose 4*m + 48 = z. Is m a prime number?
False
Suppose 0 = -0*f + 3*f - 13203. Suppose 3*m - 3*d = f, -5*m + d = -5752 - 1599. Is m composite?
False
Let s = 6615 - -172. Suppose 4*l - 10854 = o - 4087, -s = -4*l - 3*o. Is l composite?
False
Is (6 + -1837)*(-5 + -8) a prime number?
False
Let h(z) = 2*z**2 + 8*z + 31. Is h(4) a composite number?
True
Let b(d) = 313*d**2 + 23*d - 55. Is b(6) composite?
False
Suppose 524 = 2*c - 138. Is c a composite number?
False
Let z = -43 + 75. Let f = z - 30. Suppose 0 = 8*u - f*u - 636. Is u a prime number?
False
Suppose 6268 = 3*v + 5*o, -5*o = -5*v + 6080 + 4340. Let l = v - 1179. Is l a prime number?
True
Suppose -3*r - 18*r + 135807 = 0. Is r a composite number?
True
Let b(j) = 2 + 4 + 9*j**2 - 12 + 4*j. Is b(7) prime?
True
Let i(k) = -81*k**2 - 11*k - 23. Let z(f) = 7 + 31*f**2 + 66*f**2 + 28 + 24*f**2 + 17*f. Let l(v) = -8*i(v) - 5*z(v). Is l(5) a composite number?
True
Suppose 0 = r - 3*h - 17141, 0 = 3*r - 7*r - 2*h + 68494. Is r prime?
False
Let d = 784 - -121. Is d prime?
False
Suppose -2*m - m - 6 = 0. Suppose 3*d + 12 = 3*p + d, -2*p + 4*d + 16 = 0. Is 1/m*-307*p a prime number?
True
Let k(c) = c + 9. Let j be k(-6). Suppose j*h - 15 = -0*h. Suppose -94 = -4*v - h*p, v = 3*p + 2*p + 11. Is v composite?
True
Let u(l) = -l + 11. Let t be u(-9). Let z be (-5)/(-25) + 1056/t. Let w = 180 - z. Is w a composite number?
False
Let b(a) = 3179*a**2 + 12*a - 19. Is b(2) a composite number?
False
Suppose -263*o + 258*o + 496885 = 0. Is o a composite number?
False
Let d = 11565 - 5828. Is d composite?
False
Suppose 2*v = -5*v + 21. Suppose -72 = -5*f - 2*y + 6*y, -v*y - 9 = 0. Suppose g - f = 241. Is g prime?
False
Let o = -1946 + 3715. Is o a prime number?
False
Let y(k) = -3*k + 416. Is y(-21) composite?
False
Let a = -8041 - -4171. Let o = a - -6919. Is o prime?
True
Let w be (4 + -4)*2/(-4). Is 4 + (-2 - -795) + w prime?
True
Let r be 6/(-8) + 159/(-12). Is (-32459)/r - (-6)/(-4) composite?
True
Suppose o + 15 = 88. Let l = 140 - o. Is l composite?
False
Suppose 4*x - x - 2*h + 1 = 0, -x + h = 1. Let m(v) = 19*v. Is m(x) composite?
False
Suppose 2*q - 4 = i + i, 3*q - 15 = 0. Suppose -5*x - i*w = -17, 4*x - x - 5*w = 17. Suppose p + x*m = 165, 278 = -0*p + 2*p - 5*m. Is p a prime number?
True
Let a(j) = -26*j + 27. Let u(g) = 4*g + 3. Let k be u(-4). Is a(k) a composite number?
True
Let p(o) = o**3 - o**2 - o + 62. Let d(u) = u - 6. Let z be d(6). Let m be p(z). Let q = m + -39. Is q a composite number?
False
Suppose -d = -5*f + 39035, 6*d = f + 2*d - 7807. Is f composite?
True
Suppose -p + 0 = -3*o - 4, -5*p + 5*o = -10. Let v = p - -4. Let n = 11 - v. Is n composite?
True
Let r(i) = 159*i - 2. Let f be 10/14 + 2/7. Is r(f) composite?
False
Suppose 7*m - 4*m = 0. Suppose -3*x + 21 = -3*q + 792, -3*x = m. Is q composite?
False
Let b = 60 - 40. Suppose 6*w = 11*w - b. Suppose 0 = -o - 4*r + 3*r + 500, -w*o - r = -2015. Is o a composite number?
True
Let t be -5 + (-6)/(-3) + 19. Let s(g) = g**3 - 16*g**2 + 2*g + 15. Is s(t) a composite number?
False
Let k be (-4)/(-8)*(-5 - -1). Let p be (1/k)/((-8)/12384). Suppose 3*y + 5*j = p, 4*y - 4*j - 759 = 305. Is y composite?
False
Is (-3251)/(-9) - 5/((-45)/(-2)) a composite number?
True
Let r be 1/1 + 34/17. Is (-232)/(-8) - (-12)/r a prime number?
False
Let h(c) = c**3 + 15*c**2 - 18*c - 27. Let z be h(-16). Suppose 0 = 3*d - z*k - 2107 - 838, 3*k = -5*d + 4931. Is d prime?
